, -d = 5*j - 3021. What is the greatest common divisor of 11 and j?
11
Suppose k - 3 = 6. Suppose -b - 6 = -k. Let i be 98/b*15/10. What is the highest common divisor of i and 7?
7
Let t = -15 - -24. Let s(j) = -3*j**2 + 7*j + 2. Let d be s(3). Let z be (-20)/d*7 - -1. What is the greatest common divisor of t and z?
9
Let q = -118 - -147. Let n be (-12)/8*-4*q - 4. What is the highest common factor of n and 34?
34
Suppose 7*y - 21*y + 4*d + 5936 = 0, -4*y + 1696 = d. What is the highest common factor of 2597 and y?
53
Let c(m) = 78*m + 4657. Let k be c(-59). Calculate the greatest common factor of k and 240.
5
Let b be (-22)/(780/(-4048) - 6/(-33)). Calculate the greatest common divisor of 132 and b.
44
Let f(h) = h**2 - 21*h + 126. Let q be (-5)/25 - (-108)/15. Let s be f(q). Calculate the greatest common divisor of 52 and s.
4
Let i = -3 - -8. Suppose 25 = i*x, g - 12 = -x - x. Let r be (20/7)/(4/14). Calculate the highest common factor of g and r.
2
Let q be ((-12)/(-2))/18 - 2/6. Let z be 58 + -56 - (1 + q)*-529. Calculate the greatest common divisor of 59 and z.
59
Suppose 16 = 5*l + 51. Let v = 13 - l. Calculate the highest common divisor of 80 and v.
20
Let k be (-4)/(-6) - 3/(-9). Let q(n) = 2*n + 12. Let w be q(-7). Let b be 6/4*((w - 2) + 10). What is the greatest common divisor of b and k?
1
Let d(y) = -5*y - 90. Let k be d(-23). Let w be -5 + (-45 - 5)/(-5). Calculate the highest common factor of w and k.
5
Let a = 692 - 340. Let l = 44211 + -44200. What is the highest common divisor of l and a?
11
Suppose -3*t = 5*z - 22156, 10*t - 7*t = 5*z + 22196. Suppose 40*f = t - 952. What is the highest common divisor of 7 and f?
7
Suppose -v + 14 = 4*b + 2*v, -4*v = 3*b - 14. Suppose 9*p = -b*p + 220. Suppose -18*n + p*n = 50. What is the highest common divisor of 1 and n?
1
Let y be (-8 + 4192/(-4))/(-1). Calculate the greatest common factor of 462 and y.
66
Let v = -7767 + 7821. What is the highest common factor of 264 and v?
6
Let u(q) = 17*q - 154. Let f be u(10). Suppose -6 = -2*w, 0 = -4*m + f*w - 20*w + 152. What is the highest common divisor of m and 700?
35
Let g be 2912/(-672) - (-2)/6. Let j = -20 + 35. Let t be 88/j - g/30. Calculate the highest common divisor of 3 and t.
3
Let p(w) = -40*w + 12. Let t be p(-6). Let v be (-4)/((1 - 2)*-2) + -1. Let q be ((-55)/35 - v/(-7))*-21. What is the highest common factor of q and t?
42
Let c be ((-132)/(-264))/((-2)/(-10432)). Calculate the highest common factor of c and 48.
16
Let f = 161 - 41. Suppose w + a = 61, 0*w - 2*w + f = 3*a. Let l = -27 + w. Calculate the greatest common factor of l and 24.
12
Let n be (-15)/((-35)/10 + 3). Suppose -n - 18 = -8*m. Suppose 4*f + c = 606, -11*f + m*f = -4*c - 768. What is the highest common factor of 19 and f?
19
Suppose -17*j + 2 = -16*j. Let g be (-2)/j*(1 + -2)/(-1). Let m be (-220)/(-25) - g/5. What is the highest common divisor of m and 99?
9
Suppose 73681 = 166*b - 338663. What is the greatest common factor of b and 667?
23
Let m(s) = 209*s**2 - 164*s + 14. Let c be m(6). What is the highest common divisor of c and 58?
58
Let q = 2 + 2. Suppose 2*b - 5*o = 101, -3*b + 51 = -2*b - 3*o. Suppose -49*c = -52*c + b. What is the greatest common factor of c and q?
4
Suppose -137 = -a + 22. Let f = 187 - a. What is the greatest common divisor of 35 and f?
7
Let z = 61 - 54. Suppose 2 - 58 = z*x. Let r(o) = 6*o**2 + 4*o - 11. Let h be r(x). Calculate the greatest common divisor of 31 and h.
31
Let t(r) = 43*r**2 + 346*r + 716. Let z be t(-30). Calculate the highest common divisor of z and 68.
68
Let g(o) = -31*o**2 + 21*o - 15 + 18*o**2 + 12*o**2 + 3*o. Let n be g(23). Calculate the greatest common divisor of n and 168.
8
Suppose 0 = 64*p - 7599 + 1839. Calculate the highest common factor of 414 and p.
18
Let g(a) = -1054*a + 7836. Let k be g(3). Calculate the highest common factor of 246 and k.
246
Let c(z) = 2*z**3 - 217*z**2 + 117*z + 95. Let f be c(108). Calculate the highest common factor of 291 and f.
97
Suppose -18*n - 4 = 32. Let i(v) = -23*v**3 + v**2 - 3*v - 5. Let w be i(n). Calculate the greatest common factor of 3 and w.
3
Suppose 0 = -169*z + 209*z - 3360. What is the greatest common divisor of 144 and z?
12
Suppose 2*l = -20*l + 7304. Suppose -230 + l = 6*i. Calculate the highest common factor of 119 and i.
17
Let p be ((-9)/6)/(1/(-26)). Suppose 2*n - c - 38 = -3*c, -p = -2*n - 3*c. Let v be ((-1068)/48 + 2)/((-3)/24). Calculate the greatest common factor of n and v.
18
Let i(m) = -m**3 - 11*m**2 + 11*m + 21. Let k be i(-10). Let w = 197 + k. What is the highest common factor of 4 and w?
4
Suppose 412 = 5*w + 4*l, -5*w + 466 = 3*l + 47. Calculate the highest common divisor of w and 2864.
8
Let j = -243 - -430. Let s = j - 182. What is the greatest common divisor of 65 and s?
5
Suppose 2*b - 13*k = -8*k + 6, b + k - 17 = 0. Let t be (-1 - 1358/(-10)) + b/65. Calculate the greatest common factor of t and 180.
45
Suppose -p + 2*d + 3*d + 26 = 0, 0 = 4*d + 8. Suppose w + 2 = x, -w - p + 2 = -4*x. Suppose 56 = 2*s + w*s. Calculate the greatest common divisor of 7 and s.
7
Let k = -288 - -519. Let a be (0 + 2)*((-2)/4)/(109/(-1199)). Calculate the highest common factor of a and k.
11
Suppose -142*r = 657 - 1867 - 2056. Calculate the highest common divisor of r and 12029.
23
Let s be -2*9/6 + (-5 - -5). Let k be 1*(36/s)/(-4) - -45. Calculate the highest common factor of 312 and k.
24
Let f(r) = -6*r - 171. Let k be f(-38). Suppose -2*h = 4 + 56. Let y = h + k. What is the highest common factor of 9 and y?
9
Let r(v) = 25*v**3 + 2*v**2 - 28*v + 61. Let w be r(5). Calculate the greatest common factor of 300 and w.
12
Suppose 4*y + 5*c + 12 = 2*c, 5*c + 20 = y. Suppose 3*r + y*j + j = 197, 3*r = 5*j + 221. Let d = 98 - r. Calculate the greatest common divisor of d and 155.
31
Let v be 0 - (-1)/(-1) - -5. Suppose -58*d + 39*d + 5282 = 0. Let a = -246 + d. What is the greatest common divisor of v and a?
4
Suppose 21*y = y - 11*y + 3658. Calculate the highest common factor of 118 and y.
118
Suppose 0 = -37*n - n + 5097 - 3729. What is the greatest common divisor of n and 7713?
9
Let l be ((-10)/14 + 6/(-21))*-1. Suppose -l = 3*y - 31. Let s be y - (1 - -1 - 0). Calculate the highest common divisor of s and 40.
8
Let c(s) = 5*s**3 + s**2 + s - 1. Let q be c(1). Suppose q*v = -7*v + 728. What is the highest common factor of 14 and v?
14
Let b = 20 - 16. Suppose -b*a + 36 = 5*i - 3*i, -2*i - a = -45. What is the greatest common divisor of i and 24?
24
Let r(c) = -7*c - 67. Let u be r(-18). Let j = 79 - u. What is the greatest common divisor of 20 and j?
20
Suppose 0 = -5*x - 5*x + 40. Suppose 4*d - 630 = -7*l + 5*l, x*d = -4*l + 620. Calculate the highest common divisor of 20 and d.
20
Let z(i) = i**2 - 13*i - 183. Let k be z(22). Suppose k = -32*d + 143. Calculate the greatest common divisor of d and 96.
4
Suppose 0*h - 4*h + 2*h = 0. Let o be (-152)/57 - (-1)/(-3) - -89. Suppose o = 2*f - 6*g + 2*g, h = -4*g - 16. What is the greatest common factor of f and 105?
35
Suppose a = -4*k + 51, a = -k + 22 - 7. Let f = k + 12. Suppose -91*u + 7020 = 53*u - 27*u. Calculate the greatest common factor of f and u.
12
Suppose 5*a - 1742 = -347. Let l = 1082782 - 1082755. Calculate the greatest common divisor of l and a.
9
Suppose 3*i + 5*d = d - 29, 5*d = -3*i - 34. Let n = i + 37. Suppose 275*b = 228*b + 3313 + 682. Calculate the highest common factor of n and b.
17
Suppose 187 = -h + 192. Suppose -y + 3*z = -2*z - 60, -h*z = 2*y - 105. What is the greatest common divisor of y and 880?
55
Let z = 958 + -955. Suppose z*x + 14 = 86. What is the greatest common factor of x and 152?
8
Let o(v) = -2*v. Let g(r) = 6*r. Let z(f) = -6*g(f) - 21*o(f). Suppose 13*m - 31 = 73. Let j be z(m). Calculate the highest common factor of j and 32.
16
Let n(f) be the first derivative of 10*f**3/3 - f**2/2 - 2*f + 70. Let b be n(-3). Calculate the greatest common factor of 7 and b.
7
Let a(d) = 2*d**3 + 144*d**2 + 53*d + 596. Let s be a(-71). What is the highest common divisor of 45 and s?
15
Let k(s) = -s**3 + 2*s**2 - s + 3. Let j be k(-4). Let o = 159 - j. Suppose -4*m = 4*m - 112. What is the highest common divisor of m and o?
14
Suppose -2*v - 1 + 5 = 0. Suppose 0 = 